*102659/753 is divided by 137.
135
Suppose 6*n + 5*t = 7*n - 41, 5*t = -5*n + 55. What is the remainder when 111 is divided by n?
15
Let f be (-2)/(-6) + 2 + (-122)/(-3). Let y = f - 8. What is the remainder when 68 is divided by y?
33
Let q(u) = -u + 13. Let l be q(9). Calculate the remainder when (-1)/(-2)*-10 + 54 is divided by (l/16)/(2/104).
10
Let a(q) = -q**2 - 34*q - 190. What is the remainder when a(-15) is divided by 33?
29
Let o(v) = -v + 8. Let g be o(6). Suppose 0 = -t + 2*s - 5, g*t + 2*s = -10. What is the remainder when 33 is divided by ((-3)/(-2))/(t/(-60))?
15
Let w = 1355 + -583. What is the remainder when w is divided by 25?
22
Let p = 19 + -14. Suppose p*b = 2*z - 28, z + b = 5*z - 20. Suppose -2*y = a - 1 + z, 2*y = -3*a + 11. Calculate the remainder when 19 is divided by a.
5
Let d = -183 + 200. Let j(c) = 3*c**3 - 2*c**2 + 2. Calculate the remainder when j(3) is divided by d.
14
Suppose -25*k + 137 = -20*k - 4*g, 3*g - 41 = -2*k. What is the remainder when 152 is divided by k?
2
Suppose 0 = 2*j - n - 3, -2 = -4*n + 10. Suppose -3*p - 3*x + 2 = -13, -j*x - 33 = -5*p. Let f(t) = 3*t - 8. What is the remainder when 27 is divided by f(p)?
7
Let r = 1481 + -430. Calculate the remainder when r is divided by 117.
115
Let u = -4 + 9. Suppose 0 = -34*m + 31*m + 57. Calculate the remainder when m is divided by u.
4
Let r = 277 - 273. What is the remainder when 46 is divided by r?
2
Let f(s) = -3*s - 35. Let x(u) = u**3 + 8*u**2 + 4*u + 10. Let k be x(-8). What is the remainder when 121 is divided by f(k)?
28
Suppose -547 = -29*b + 120. What is the remainder when 131 is divided by b?
16
Let r be 0 - ((-1)/1 - -3). Let n be ((-12)/8 + -3)*r. Let d = n + -5. Calculate the remainder when 15 is divided by d.
3
Let y(z) = -3*z + 1. Let n be 15*(1 - 16/12). Let u be y(n). Let j = 38 - u. Calculate the remainder when j is divided by 6.
4
Let w = 131 + -53. Suppose 2*d + 2 = w. Calculate the remainder when d is divided by (26/6)/(1/3).
12
Suppose 2 = 2*d - 2. Suppose 0*g = -d*g - 20. Let f = g - -26. What is the remainder when 47 is divided by f?
15
Suppose 3*s - 6*f - 62 = -2*f, -4*f + 22 = 3*s. What is the remainder when -3 + 8/3 - (-444)/9 is divided by s?
7
Let z(d) = 11*d - 94. Let m = -40 + 59. Calculate the remainder when z(15) is divided by m.
14
Suppose u + 269 = 4*w, w - 5*u + 133 - 224 = 0. What is the remainder when w is divided by 31?
4
Suppose 0 = 13*n - 414 - 2. What is the remainder when 101 is divided by n?
5
Calculate the remainder when (-6828)/(-60) - 44/55 is divided by 60.
53
Let r = 34 + -32. Suppose -r*x - 4*q = -54 - 14, 0 = 4*q + 16. Let o = x - 18. Calculate the remainder when 46 is divided by o.
22
Let y(h) = -h**2 + 16*h - 10. Let z be y(16). Calculate the remainder when (-74)/(-4) - (-1)/2 is divided by (-46)/(-10) - 4/z.
4
Let j(m) = -15*m + 3. Let w = 113 + -110. Calculate the remainder when j(-1) is divided by w.
0
Calculate the remainder when (-41431)/(-26) + 5/10 + -3 is divided by 59.
57
Suppose 14*r + 8*r = 23518. What is the remainder when r is divided by 16?
13
Let k = 24 + -16. Suppose -140 = -12*g + k*g. Calculate the remainder when g is divided by 13.
9
Suppose 0 = s - 72 + 8. Let v = s - 56. Calculate the remainder when 13 is divided by v.
5
Suppose 5*c - 422 + 172 = 0. What is the remainder when c is divided by 9?
5
Let y(r) = 2*r**3 + 18*r**2 - 9*r + 16. Let x(h) = -h**3 + h. Let q(f) = -3*x(f) - y(f). What is the remainder when q(18) is divided by 24?
20
Suppose -39 = -9*g + 105. What is the remainder when g is divided by 12?
4
Let x = 135 - 76. Suppose 5*o = y + y + 82, 5*y = -4*o + x. Calculate the remainder when 62 is divided by o.
14
What is the remainder when 439 is divided by (-270)/(-4)*(-32)/(-40) - 5?
47
Suppose 0 = -x - 1 + 7. Let t = -336 - -344. Calculate the remainder when t is divided by x.
2
Suppose -56 = -6*p + 70. Calculate the remainder when 83 is divided by p.
20
Let j(g) = 3*g**3 - 6*g**2 - 10*g + 19. Calculate the remainder when j(5) is divided by 15.
14
Let a(v) = -473*v + 74. Suppose 0 = q + 2*z - 29, -5*z - 9 = -q - 3*z. What is the remainder when a(0) is divided by q?
17
Suppose 0 = -0*y - 4*y - 5*v + 11, 2*y = -4*v - 2. Let c = 101 - 101. Suppose -l - 33 + 48 = c. Calculate the remainder when l is divided by y.
6
Suppose -3*g + 27 = 42. Let c = g - -27. What is the remainder when 74 is divided by c?
8
Let d = -32 - -53. What is the remainder when -13*(-1 + -5) - (-5 + 3) is divided by d?
17
Let v(n) = 21*n**2 + n - 2. Let a be v(1). Suppose g = 5*g - 28. What is the remainder when (a/(-15) + 1)*-30 is divided by g?
3
Let f(u) = 4*u + 22. Suppose -2*z = -6*z - 36. Calculate the remainder when f(0) is divided by (-78)/z + (-4)/6.
6
Let o = 168 - -261. What is the remainder when o is divided by 36?
33
Suppose 4*o - 13 = 2*o - 5*y, -4*o - y - 1 = 0. What is the remainder when 11 is divided by 7 + 1 + 0 + o?
4
Let d(v) = 18*v**2 + 17*v - 47. Calculate the remainder when d(3) is divided by 46.
28
Suppose -3*h + 116 = -0*h - 5*r, 5*r + 180 = 5*h. What is the remainder when 115 is divided by h?
19
Suppose -d + 3*d - 34 = 0. Suppose 3*o - 74 = -d. Let f = 89 - o. What is the remainder when f is divided by 18?
16
Suppose 0*i + 3*b + 15 = i, 4*i - 38 = b. Let x = 3 + i. Calculate the remainder when 56 is divided by x.
8
Let o(t) = t**3 + 6*t**2 + 2*t + 28. What is the remainder when o(-5) is divided by 5?
3
Let j(d) = d + 7. Let z be j(-4). What is the remainder when (25/(-2) - 1)/(z/(-8)) is divided by 8?
4
Suppose 3*k + 2*k - 65 = 0. What is the remainder when k is divided by 2?
1
Suppose 5*i = 2*j + 26, 4*i + 4*j - 50 = -46. Calculate the remainder when i is divided by 4.
0
Let a = -21 - -27. Suppose -78 = -5*x + 3*w, -5*x - w + 73 = w. Calculate the remainder when x is divided by a.
3
Let x = 34 + -26. Let y(s) = -s**2 + 20*s - 34. Calculate the remainder when y(x) is divided by 13.
10
Suppose -u + 54 = u. Calculate the remainder when u is divided by 7.
6
Suppose 6 = g + 5*a, 2*g + a + 30 = 7*g. Suppose 360 = -2*c + g*c. What is the remainder when c is divided by 23?
21
Suppose -3*p = -w + 9, -2*p = 4*w - p + 3. Suppose w = 4*h + 47 - 303. Let m(z) = 2*z**2 + 2*z - 7. Calculate the remainder when h is divided by m(-5).
31
Let c be (-2)/3 + (-308)/(-21). Let n be c*(-1)/(-2) + -2. Suppose 2*d - n = d. What is the remainder when 23 is divided by d?
3
Let j = -15 - 93. Let a = -65 - j. Calculate the remainder when a is divided by (-1278)/(-81) + (-2)/(-9).
11
Let s(z) = -19 - 22 + 13 + 4*z + z**2. What is the remainder when 31 is divided by s(-9)?
14
Let w = -1 + 8. Suppose -3*j - w = -a, -a - j = -0*j + 9. Calculate the remainder when 13 is divided by ((-15)/3)/(a + 4).
3
Let t be 0 + (0 - 20)*3. What is the remainder when (20/25)/((-2)/t) is divided by 9?
6
Let s be (-3 + 3)/(-1 - -3). What is the remainder when 220/(-50)*(-35 - s) is divided by 39?
37
Suppose 0 = 3*u, -u - 43 + 10 = -3*g. Let q = 187 + -112. What is the remainder when q is divided by g?
9
Let t be 1138/18 + 32/(-144). Suppose n - t - 11 = k, k = -3. Calculate the remainder when n is divided by 15.
11
Suppose 0 = 5*y - a - 70, 7*a + 7 = -y + 3*a. Suppose 6 = 6*h - 24. Suppose v + 4*r = -5 + 40, -5*v = h*r - 130. Calculate the remainder when v is divided by y.
10
Suppose 2*i - 160 - 56 = 4*r, 0 = -2*i + 5*r + 216. Suppose 92 = 2*l - v + 34, -4*v = -4*l + i. Let o = 5 + l. Calculate the remainder when o is divided by 13.
10
Suppose -4*n - 910 = -2*m, n - 3*m + 163 = -57. Let q = -110 - n. Calculate the remainder when q is divided by 11.
9
Let t(m) = 3*m**2 + 3*m - 2. Suppose q - 14 = 4*w + 36, 5*w - 4*q = -57. Let y = w - -10. What is the remainder when t(y) is divided by 9?
7
Suppose -50 = 5*j + 4*d, 3*j + 13 = 2*d - d. Let r(x) = x**3 + 8*x**2 + 6*x - 12. Calculate the remainder when 141 is divided by r(j).
21
Suppose 0 = -5*y + 3*p + p + 405, 4*y = 3*p + 325. Let c = y + -63. What is the remainder when 39 is divided by c?
17
Suppose 5*x - 7 = 3. Suppose -4*p = -x*k - 60, 3*p - 51 = 2*k + k. Calculate the remainder when p is divided by 7.
6
Let l(b) = -b**3 - 4*b**2 + 9*b - 10. Let o(r) = 3*r + 1. What is the remainder when l(-7) is divided by o(6)?
17
Suppose 2*k = -3*k + 25. Calculate the remainder when